
1
What is the thousands digit of 1006387?
6
What is the ten thousands digit of 243083196?
8
What is the ten thousands digit of 131092978?
9
What is the thousands digit of 76064408?
4
What is the thousands digit of 126340113?
0
What is the hundred millions digit of 156804269?
1
What is the ten millions digit of 58824878?
5
What is the ten thousands digit of 842146884?
4
What is the thousands digit of 2767894841?
4
What is the hundred millions digit of 1199233571?
1
What is the ten millions digit of 13217903?
1
What is the hundreds digit of 3225021362?
3
What is the ten millions digit of 1198300307?
9
What is the hundred thousands digit of 45703684?
7
What is the ten thousands digit of 106737249?
3
What is the tens digit of 25288589?
8
What is the billions digit of 1505100026?
1
What is the millions digit of 5832218228?
2
What is the units digit of 43387921?
1
What is the thousands digit of 2501226639?
6
What is the millions digit of 864493870?
4
What is the tens digit of 6405446762?
6
What is the tens digit of 1482380863?
6
What is the millions digit of 69909550?
9
What is the hundred millions digit of 1729871616?
7
What is the ten thousands digit of 6187766717?
6
What is the hundred thousands digit of 38520391?
5
What is the hundred thousands digit of 893431363?
4
What is the hundred thousands digit of 145405249?
4
What is the millions digit of 45395282?
5
What is the units digit of 17837726?
6
What is the hundred millions digit of 463425656?
4
What is the hundred thousands digit of 1383942898?
9
What is the ten millions digit of 470774484?
7
What is the thousands digit of 1179478148?
8
What is the hundreds digit of 1460353595?
5
What is the tens digit of 1965704186?
8
What is the ten thousands digit of 485389775?
8
What is the ten thousands digit of 6867916?
6
What is the thousands digit of 179700886?
0
What is the hundred millions digit of 2841953213?
8
What is the units digit of 21966840?
0
What is the millions digit of 7656531?
7
What is the millions digit of 921537258?
1
What is the hundred thousands digit of 325025579?
0
What is the tens digit of 20236203?
0
What is the units digit of 972729823?
3
What is the units digit of 409038730?
0
What is the tens digit of 715632501?
0
What is the tens digit of 133545133?
3
What is the millions digit of 3365844136?
5
What is the thousands digit of 33794192?
4
What is the billions digit of 5004469975?
5
What is the hundred thousands digit of 145625296?
6
What is the units digit of 90936611?
1
What is the millions digit of 763439846?
3
What is the millions digit of 132918102?
2
What is the units digit of 582684461?
1
What is the millions digit of 260294001?
0
What is the ten thousands digit of 6959044110?
4
What is the ten thousands digit of 435115161?
1
What is the tens digit of 1513016309?
0
What is the hundreds digit of 24532526?
5
What is the ten millions digit of 132799701?
3
What is the ten thousands digit of 1806736249?
3
What is the tens digit of 50085405?
0
What is the thousands digit of 1103185175?
5
What is the thousands digit of 135151765?
1
What is the hundred thousands digit of 3730464101?
4
What is the ten thousands digit of 383918327?
1
What is the thousands digit of 165257609?
7
What is the ten thousands digit of 70691412?
9
What is the thousands digit of 412969613?
9
What is the ten thousands digit of 16852078?
5
What is the units digit of 14816070?
0
What is the hundred thousands digit of 58290447?
2
What is the units digit of 62542862?
2
What is the hundred thousands digit of 1452005635?
0
What is the tens digit of 184003089?
8
What is the thousands digit of 1299216921?
6
What is the ten thousands digit of 138467076?
6
What is the billions digit of 1021110301?
1
What is the ten thousands digit of 51579464?
7
What is the billions digit of 2276894411?
2
What is the units digit of 34677949?
9
What is the hundreds digit of 37782693?
6
What is the hundreds digit of 174207734?
7
What is the hundred thousands digit of 317277741?
2
What is the tens digit of 274471356?
5
What is the millions digit of 291212807?
1
What is the hundred thousands digit of 34679457?
6
What is the hundred thousands digit of 2481631174?
6
What is the hundred thousands digit of 2352211019?
2
What is the hundred thousands digit of 77969284?
9
What is the ten thousands digit of 335985512?
8
What is the ten thousands digit of 1350574995?
7
What is the ten thousands digit of 201277556?
7
What is the tens digit of 1088093735?
3
What is the hundred millions digit of 1137468924?
1
What is the ten thousands digit of 662330178?
3
What is the tens digit of 389776975?
7
What is the ten thousands digit of 176989225?
8
What is the hundreds digit of 28929322?
3
What is the millions digit of 37354945?
7
What is the hundred millions digit of 366365323?
3
What is the millions digit of 105850969?
5
What is the ten millions digit of 5068901717?
6
What is the hundred millions digit of 1672109706?
6
What is the hundred thousands digit of 162446325?
4
What is the hundred thousands digit of 135831188?
8
What is the units digit of 1168654940?
0
What is the tens digit of 5904253?
5
What is the tens digit of 64118359?
5
What is the millions digit of 2252025218?
2
What is the millions digit of 877300132?
7
What is the hundreds digit of 4724894806?
8
What is the ten millions digit of 535030945?
3
What is the billions digit of 1137650605?
1
What is the millions digit of 274478137?
4
What is the ten thousands digit of 201702606?
0
What is the millions digit of 39482543?
9
What is the millions digit of 291664656?
1
What is the millions digit of 13585067?
3
What is the ten millions digit of 227111003?
2
What is the hundreds digit of 800384417?
4
What is the ten millions digit of 41418517?
4
What is the hundreds digit of 107408?
4
What is the units digit of 159943307?
7
What is the ten millions digit of 211833121?
1
What is the hundreds digit of 1115979812?
8
What is the ten millions digit of 286821382?
8
What is the millions digit of 34349672?
4
What is the ten millions digit of 131511557?
3
What is the millions digit of 366281577?
6
What is the units digit of 160971761?
1
What is the billions digit of 7300675332?
7
What is the ten millions digit of 55252718?
5
What is the thousands digit of 1325018727?
8
What is the ten thousands digit of 75540219?
4
What is the millions digit of 39703849?
9
What is the millions digit of 450430535?
0
What is the ten millions digit of 38481598?
3
What is the millions digit of 442175633?
2
What is the ten thousands digit of 535436254?
3
What is the hundreds digit of 4955325361?
3
What is the millions digit of 1011342697?
1
What is the millions digit of 127529284?
7
What is the hundred millions digit of 700572361?
7
What is the thousands digit of 1417215497?
5
What is the ten thousands digit of 59909391?
0
What is the millions digit of 112418879?
2
What is the millions digit of 862608769?
2
What is the millions digit of 21188123?
1
What is the thousands digit of 191885873?
5
What is the tens digit of 1003931676?
7
What is the ten thousands digit of 942658566?
5
What is the ten thousands digit of 5832350848?
5
What is the tens digit of 840222244?
4
What is the tens digit of 136830859?
5
What is the ten millions digit of 162862831?
6
What is the units digit of 111330683?
3
What is the hundred millions digit of 4080281298?
0
What is the ten thousands digit of 53219283?
1
What is the units digit of 182218300?
0
What is the ten thousands digit of 37377206?
7
What is the hundreds digit of 62294124?
1
What is the millions digit of 51381337?
1
What is the millions digit of 1702238154?
2
What is the ten millions digit of 499393854?
9
What is the thousands digit of 300061943?
1
What is the tens digit of 1275303543?
4
What is the ten thousands digit of 34379228?
7
What is the millions digit of 82225022?
2
What is the ten thousands digit of 9528914?
2
What is the ten millions digit of 246023875?
4
What is the billions digit of 1575291144?
1
What is the thousands digit of 28468544?
8
What is the hundred thousands digit of 8276173?
2
What is the ten millions digit of 1565279120?
6
What is the ten thousands digit of 2897701463?
0
What is the ten thousands digit of 43735320?
3
What is the tens digit of 117944623?
2
What is 